{"id":367,"date":"2013-11-07T18:50:14","date_gmt":"2013-11-07T17:50:14","guid":{"rendered":"http:\/\/tekniksamariten.se\/?page_id=367"},"modified":"2025-03-12T23:34:05","modified_gmt":"2025-03-12T22:34:05","slug":"cv","status":"publish","type":"page","link":"https:\/\/tekniksamariten.se\/?page_id=367","title":{"rendered":"CV"},"content":{"rendered":"<h3>Klicka h\u00e4r f\u00f6r att l\u00e4sa mitt CV:\u00a0<strong><a href=\"https:\/\/tekniksamariten.se\/wp-content\/uploads\/2013\/11\/Curriculum_vitae_Fredrik_Alvel\u00f6v.pdf\" target=\"_blank\">Curriculum_vitae_Fredrik_Alvel\u00f6v<\/a><\/strong><\/h3>\n","protected":false},"excerpt":{"rendered":"<p>Klicka h\u00e4r f\u00f6r att l\u00e4sa mitt CV:\u00a0Curriculum_vitae_Fredrik_Alvel\u00f6v<\/p>\n","protected":false},"author":1,"featured_media":0,"parent":0,"menu_order":0,"comment_status":"closed","ping_status":"closed","template":"","meta":{"footnotes":""},"class_list":["post-367","page","type-page","status-publish","hentry"],"_links":{"self":[{"href":"https:\/\/tekniksamariten.se\/index.php?rest_route=\/wp\/v2\/pages\/367","targetHints":{"allow":["GET"]}}],"collection":[{"href":"https:\/\/tekniksamariten.se\/index.php?rest_route=\/wp\/v2\/pages"}],"about":[{"href":"https:\/\/tekniksamariten.se\/index.php?rest_route=\/wp\/v2\/types\/page"}],"author":[{"embeddable":true,"href":"https:\/\/tekniksamariten.se\/index.php?rest_route=\/wp\/v2\/users\/1"}],"replies":[{"embeddable":true,"href":"https:\/\/tekniksamariten.se\/index.php?rest_route=%2Fwp%2Fv2%2Fcomments&post=367"}],"version-history":[{"count":3,"href":"https:\/\/tekniksamariten.se\/index.php?rest_route=\/wp\/v2\/pages\/367\/revisions"}],"predecessor-version":[{"id":372,"href":"https:\/\/tekniksamariten.se\/index.php?rest_route=\/wp\/v2\/pages\/367\/revisions\/372"}],"wp:attachment":[{"href":"https:\/\/tekniksamariten.se\/index.php?rest_route=%2Fwp%2Fv2%2Fmedia&parent=367"}],"curies":[{"name":"wp","href":"https:\/\/api.w.org\/{rel}","templated":true}]}}